ctor of 512 and z?
8
Suppose -30*h = -79*h + 2526 - 566. What is the highest common factor of 1220 and h?
20
Let p(q) = -q**2 + 8*q. Let n be p(6). Let l = 679 + -406. Suppose z - 108 = 4*o, 0 = -3*z - o - 4*o + l. Calculate the greatest common factor of n and z.
12
Let x(n) = n**3 - 11*n**2 - 7*n - 21. Suppose 14 = 3*h - 1. Suppose h*u - 14 - 46 = 0. Let a be x(u). Calculate the highest common factor of a and 13.
13
Let y(s) = -6*s - 4. Let c be y(-1). Suppose -37 + 9 = -c*t. Let m be 2/t + 220/28. Calculate the highest common factor of m and 40.
8
Let z = 9493 + -5533. What is the highest common divisor of z and 33?
33
Let t = 667 + -391. Let u = t - 267. What is the highest common factor of 135 and u?
9
Suppose 4*z - o - 213 = 0, 5*z + 0*o - 260 = -5*o. Let i = 987 - 616. Calculate the greatest common factor of z and i.
53
Suppose 106*j + 71*j - 218772 = 0. Calculate the highest common factor of 96 and j.
12
Suppose 0 = -4*q + 13 + 7, -f - 5*q + 157 = 0. Let i = -17 + 17. Let d be ((-4)/(-12) + i)*36. What is the greatest common divisor of d and f?
12
Let f be (-100 - -1)/(30/(-285) + (-245)/380). Suppose 0 = -q - h + 5*h + 2, 2*q - 5*h - 19 = 0. Calculate the greatest common divisor of f and q.
22
Let t be (-4*15/(-20))/((-42)/(-4))*119. Calculate the greatest common factor of 2754 and t.
34
Suppose -238*o = -232*o - 2370. Calculate the greatest common divisor of 10 and o.
5
Let q = 5244 - 4555. Calculate the highest common divisor of q and 371.
53
Let k(x) = x**2 + 3*x + 4. Let q be k(-3). Suppose -p = 5*y - 16, 3*y = 5*y - q. Suppose -29*s + 26*s = -18. What is the greatest common divisor of s and p?
6
Suppose -2*o - 122 = -3*k + 27, 2*k - 5*o - 92 = 0. What is the highest common factor of k and 1666?
17
Suppose -10 = i - 18. Let w(k) = 6*k + 17. Let n be w(i). What is the highest common divisor of 39 and n?
13
Let r(l) = 84*l**3 - 3 - 45*l**2 + 45*l - 14 - 83*l**3. Let y be r(44). Calculate the highest common divisor of y and 144.
9
Let p(h) = -4*h + 53. Let z be p(17). Let g be 3 + (z/(-5) - (-21 + 2)). Calculate the highest common factor of 1 and g.
1
Let q(p) = 2*p**3 + 26*p**2 + 83*p + 4. Let z be q(-7). What is the greatest common divisor of z and 2563?
11
Let f(q) = -15*q**3 + 9*q**2 - 18*q - 162. Let d be f(-6). Calculate the greatest common divisor of d and 52.
26
Let k(a) = -23*a + 6 - 3 + 21*a**2 - 7 - 22*a**2. Let w be k(-11). What is the highest common factor of 64 and w?
64
Let a = -864 - -867. Let p(x) = 2*x**3 - 2*x**2 + 23. Let d be p(a). What is the highest common factor of 944 and d?
59
Let k(z) = z**3 - 10*z**2 + 16*z + 15. Let r be k(11). Let i = -128 + r. Calculate the greatest common factor of i and 23.
23
Let q(x) = -7*x + 17. Suppose -25 = 4*w - 2*y - y, 3*w = -2*y - 23. Let j be q(w). Calculate the highest common factor of 44 and j.
22
Suppose -1193 + 363 - 2026 = -136*g. What is the highest common divisor of 2149 and g?
7
Let c(j) = -j**3 + 2*j**2 - 2*j + 338. Let p be c(0). Let t = -149 + 175. What is the greatest common factor of t and p?
26
Let m = -1590 - -1605. Suppose 5*w = -5*i - 20, 3*w - 2*i + 6*i + 13 = 0. Let f be ((-9)/6)/(w/30). Calculate the highest common factor of f and m.
15
Let t = 1185 + -1175. What is the greatest common factor of 16 and t?
2
Suppose 4*i + 11*i - 1590 = 0. Let d = i - 125. Let t(y) = y**2 + 13*y + 42. Let c be t(d). Calculate the highest common divisor of c and 12.
12
Let b(u) = 19*u**3 - 8*u**2 + 41*u - 51. Let k be b(2). What is the highest common divisor of k and 1359?
151
Let s be 140/(-12)*1785/(-833). What is the greatest common factor of s and 40?
5
Suppose b = y + 9, 0*y - 2*y - 42 = -5*b. Suppose 2*t - b*i = -6*i + 40, -2*i - 62 = -3*t. Calculate the highest common factor of 704 and t.
22
Let b = -109 + 172. Suppose 42 = 66*w - b*w. What is the greatest common factor of w and 98?
14
Let q(n) = n**2 - 5*n + 4. Let u be q(5). Let h = -3 + u. Suppose k - 1 = 4*b, k - 3*k = b - 11. What is the highest common divisor of h and k?
1
Let t(q) = 2*q + 28. Let y be t(-10). Suppose 2*p = y, 351 = 4*f + f - p. Let w = f - 62. What is the highest common factor of w and 3?
3
Let a(w) = -16*w + 50. Let z be a(7). Let k = 63 + z. Let m = 31 + -30. Calculate the highest common factor of m and k.
1
Suppose 26 = -5*x + 3*r + 40, 5*r = -3*x + 22. Suppose 4*i + 78 = -0*g + g, -x*i = -5*g + 406. What is the greatest common divisor of g and 205?
41
Suppose -5*q + 2*j = 37, 6*q + 3*j = 3*q - 18. Let o be (-186)/(-14) + 2/q. Suppose -w = -n + 9 + 7, 3*w + 9 = 0. What is the highest common divisor of n and o?
13
Let l = -14409 - -14419. Suppose 0*w - 5*w = d + 4, 0 = 2*d - 2*w - 16. What is the greatest common factor of d and l?
2
Let r be 3/(6/10) - (-9)/9. Suppose 2*h + 5*b = 59, 4*b = r*b - 10. Calculate the greatest common divisor of h and 1.
1
Let x(f) = -13*f**2 + f**3 + 7*f - 10*f**2 + 12 - 30 + 16*f**2. Let c be x(9). What is the highest common divisor of 138 and c?
69
Let t = -1959 - -2617. What is the highest common divisor of t and 266?
14
Let t(b) = -60*b**3 - b**2 + 5*b + 3. Let f be t(-1). What is the greatest common divisor of 39 and f?
3
Let x = 74 - 72. Suppose 0 = 5*c - 3*h - 316, -x*h - 9 = -c + 57. Calculate the greatest common factor of c and 31.
31
Suppose -i = 4, 3*i = 5*y + 7*i - 7064. Calculate the highest common divisor of 228 and y.
12
Let p be -8 - (-636 + (-21 - -28)). Calculate the greatest common factor of 135 and p.
27
Suppose -7*n + 11*n = 16492. Let q be (-2)/(-9) - n/(-279). What is the highest common factor of q and 3?
3
Suppose 46*l = 51*l + 4*c - 1506, 2*c = -5*l + 1518. Calculate the greatest common divisor of l and 234.
18
Let k = -194 - -392. Let o = 308 - k. Calculate the greatest common divisor of 20 and o.
10
Let j be (15 - (-70)/(-4))*(78/(-5) + -4). What is the greatest common factor of j and 4725?
7
Let c = -1363 + 1975. Calculate the greatest common divisor of 340 and c.
68
Let r(v) = v**3 + 10*v**2 + 35*v + 100. Let o be r(-7). Calculate the highest common factor of 5462 and o.
2
Let h be (-2 - -12)*27/45 - -1265. Calculate the highest common divisor of 31 and h.
31
Suppose 68*a = 54*a + 70. Suppose w - 413 = p, -a*p = -2*w - 10*p + 805. Calculate the greatest common factor of 10 and w.
10
Suppose 2*z - 5*p - 11005 = 1442, 4*z + 3*p - 24855 = 0. What is the greatest common factor of z and 48?
24
Let q be (3/2)/((-517)/(-44) - 11). Calculate the highest common divisor of q and 94.
2
Let v(i) = 14*i**2 - 4*i - 2. Let r be v(3). Let s = r - 76. Let j be (-8 - 310/(-35))*(-14)/(-3). What is the highest common divisor of j and s?
4
Suppose 16868 = -8*p + 23063 + 22245. Calculate the highest common divisor of 30 and p.
15
Let h(k) = -547*k**3 + 7*k**2 - 243*k - 979. Let c be h(-4). Calculate the greatest common divisor of c and 13.
13
Let i(q) = q. Let x be i(-1). Let l be (x + -1 - -19) + -4. Suppose 70*o - 77*o = -182. What is the highest common factor of l and o?
13
Let x(l) = 2*l + 18. Let v be x(-4). Let n be (-2)/(-5) + (-154)/v. Let b be 3/((-27)/30)*36/n. What is the greatest common divisor of b and 56?
8
Suppose 0 = 6750*t - 6743*t - 392. What is the highest common factor of t and 126?
14
Suppose y - 5*n - 301 = 3*y, -4*n = 3*y + 441. Let f = -448 - y. Let i = -151 - f. Calculate the highest common divisor of i and 14.
14
Let p(t) = -t**2 + 59*t - 525. Let q be p(45). What is the highest common divisor of 777 and q?
21
Suppose 3*z - 367 = 79*y - 77*y, 4*z + 2*y = 508. Calculate the highest common divisor of z and 575.
25
Suppose -3*c - 239 + 826 = -v, c + 4*v = 187. What is the highest common factor of c and 780?
195
Let v(p) = p**3 + 4*p**2 - 3*p. Let s be v(-5). Let u = -13 - s. Let i be (u/(-6) + 1)/(2/4). Calculate the greatest common factor of i and 21.
3
Let o be 7/(-56) + -4 + 652743/56. Calculate the highest common factor of 12 and o.
12
Let a be (-3)/(-7) + 1/(-28)*-100. Suppose -a*i = 3*n - 290, -3*n - 45 = 3*i - 261. Calculate the highest common factor of 259 and i.
37
Let n(z) = -2*z**3 + 72*z**2 - 529*z - 34. Let a be n(12). Calculate the highest common divisor of a and 954.
106
Let i = -43 - -45. Suppose 3*w + i*b - 480 = 0, -2*b - 5 - 1 = 0. Suppose 0 = 4*d - d - w. What is the greatest common factor of 27 and d?
27
Let 